at is -5228e8c - 0?
-5228e8c
In base 13, what is 2c9201 - 245?
2c8c89
In base 3, what is -212111102120 - 1122?
-212111111012
In base 7, what is -2616 + -162522?
-165441
In base 16, what is 3 + -87843b?
-878438
In base 11, what is -3381a - 625?
-34344
In base 13, what is 407 - 12b2?
-ba8
In base 11, what is 3307 + -1193?
2124
In base 16, what is -2d11f5 + 5?
-2d11f0
In base 8, what is 2166022 - -3727?
2171751
In base 4, what is 11 + -1100222221?
-1100222210
In base 15, what is 18b798c - 2?
18b798a
In base 8, what is 120 + -2204564?
-2204444
In base 5, what is 222 + -244030141?
-244024414
In base 5, what is 4414323 + 1033?
4420411
In base 15, what is -4198 - 480b?
-89a4
In base 7, what is 121450 - 4611?
113536
In base 14, what is -73b7 - 11b4?
-858b
In base 10, what is -266396 + 295?
-266101
In base 14, what is 13d + 1941b?
1955a
In base 9, what is 10 + 5436524?
5436534
In base 5, what is 310042 + -134031?
121011
In base 7, what is -6133235 + 123?
-6133112
In base 7, what is 21133466012 - -3?
21133466015
In base 11, what is -7790 - 1701?
-9391
In base 11, what is 4 + 211a55a?
211a563
In base 7, what is -10 + 6334503?
6334463
In base 6, what is 425 - -2025524?
2030353
In base 13, what is -1091 - 60a?
-169b
In base 5, what is 3112421 + 44123?
3212044
In base 5, what is 200424 - -30324131?
31030110
In base 11, what is 1209813 - -61?
1209874
In base 7, what is 1642323304 + 10?
1642323314
In base 14, what is -472965 + 1?
-472964
In base 16, what is -3ba6e74 - 7?
-3ba6e7b
In base 8, what is 4217114 + -373?
4216521
In base 16, what is -4648cc + f?
-4648bd
In base 11, what is -3861 - 144998?
-148749
In base 2, what is 1110010000001100111010101 - -10?
1110010000001100111010111
In base 4, what is -10 + -1322203323?
-1322203333
In base 16, what is c67df - d?
c67d2
In base 6, what is 1523532 + 5?
1523541
In base 4, what is 11 + -2200030211013?
-2200030211002
In base 6, what is 23133 + -10350312?
-10323135
In base 14, what is -3ab893 + 4?
-3ab88d
In base 12, what is 1b + -169b728?
-169b709
In base 5, what is 110041 + -32121?
22420
In base 13, what is -b + -537b846?
-537b854
In base 16, what is -88 - -2df044?
2defbc
In base 14, what is -3 + -272b40?
-272b43
In base 12, what is 2349199 - -26?
2349203
In base 15, what is 113 + 420d2?
421e5
In base 14, what is -2 + -7c26d?
-7c271
In base 10, what is 6250 - 6187?
63
In base 4, what is -2131202202 + -3300?
-2131212102
In base 15, what is -167bba30 - 1?
-167bba31
In base 14, what is -5b + -a2c7b4?
-a2c831
In base 8, what is 4 + -176760372?
-176760366
In base 6, what is 52 + -3430053334?
-3430053242
In base 13, what is 69b - 4213?
-3845
In base 5, what is 1 + -1034414300231?
-1034414300230
In base 13, what is c + -112c384?
-112c375
In base 2, what is 111111010000111 + -100011000110?
111010111000001
In base 10, what is 12 - -240494?
240506
In base 10, what is 9 + -461348?
-461339
In base 2, what is 11 + -10010011001101000010001000?
-10010011001101000010000101
In base 6, what is 2131005 + 1043?
2132052
In base 12, what is -417 - 177284?
-17769b
In base 2, what is -11001000101000000000 + 10101?
-11001000100111101011
In base 3, what is 0 - -200112220200121?
200112220200121
In base 9, what is -1228167601 + -4?
-1228167605
In base 10, what is 321 - 41857?
-41536
In base 13, what is 116 - -14506a?
145183
In base 3, what is -220021020 - -202?
-220020111
In base 6, what is -512 + -1323013?
-1323525
In base 11, what is 85 + -10a3372?
-10a3298
In base 9, what is 26 + -40200?
-40163
In base 13, what is 2017660 - 14?
2017649
In base 6, what is -44313 + -2055?
-50412
In base 2, what is 11100110010101011110000010 - -101?
11100110010101011110000111
In base 10, what is -1 - -1876488?
1876487
In base 12, what is -2 + 7903015?
7903013
In base 7, what is -64623 - 31000?
-125623
In base 6, what is 1335 - 10205?
-4430
In base 12, what is 15 + -276122?
-276109
In base 15, what is ce542c - 6?
ce5426
In base 4, what is 102311 + -131033202?
-130330231
In base 13, what is -3441 + -b9b?
-430c
In base 2, what is 1010 + 101100001101001?
101100001110011
In base 16, what is -fc9654f - -3?
-fc9654c
In base 4, what is 10 - 23101120303133?
-23101120303123
In base 15, what is 63c02 + cb?
63ccd
In base 15, what is -2ad14 - -aa?
-2ac59
In base 9, what is 117668 - -121?
117800
In base 8, what is -257565 - -171?
-257374
In base 13, what is 0 - 565b54?
-565b54
In base 3, what is 1001110 - 202102202221?
-202101201111
In base 13, what is -261 - 226a2?
-22933
In base 15, what is -4b2a08 - 5?
-4b2a0d
In base 15, what is -2 + -184d42bb?
-184d42bd
In base 6, what is 3 - 41113245?
-41113242
In base 2, what is -111000111100101011 - 100000000011?
-111001011100101110
In base 7, what is 3240154 - 25?
3240126
In base 2, what is -10111110110 - -111110010001111?
111011010011001
In base 8, what is 40043 + 5642?
45705
In base 4, what is 213302 + 323130?
1203032
In base 16, what is 2709e2 + 3a?
270a1c
In base 12, what is a5340b - -5?
a53414
In base 15, what is -e0 + bb01e?
bae2e
In base 11, what is 3510 + 20170?
23680
In base 7, what is -146 - 1315056?
-1315235
In base 6, what is -3241 + -204435?
-212120
In base 8, what is -155 - -11531733?
11531556
In base 14, what is -87ac - 267?
-8a35
In base 14, what is 0 - 8c6600?
-8c6600
In base 12, what is 1 - -abb99?
abb9a
In base 8, what is -4 - -103121330?
103121324
In base 13, what is -12513 + 494?
-1204c
In base 2, what is -11100101000 + -10100010011?
-110000111011
In base 14, what is b7a0a0 - 10?
b7a090
In base 15, what is 185 - -4e6?
67b
In base 10, what is -162018 - -61?
-161957
In base 5, what is -10314132 - -11441?
-10302141
In base 4, what is -120333312231233 + 0?
-120333312231233
In base 3, what is -111 + 222122020222?
222122020111
In base 6, what is -13 - 41412402?
-41412415
In base 2, what is 110 + 100000110110101010010110?
100000110110101010011100
In base 12, what is -74a53 - 18?
-74a6b
In base 16, what is -52e3 + -ae4d?
-10130
In base 15, what is -49aa997 - 1?
-49aa998
In base 12, what is -4 + -132a7957?
-132a795b
In base 16, what is 376 - 3b21?
-37ab
In base 13, what is -34101 + 60a?
-337c4
In base 14, what is -313a9bd - -7?
-313a9b6
In base 16, what is -e982 - -d9?
-e8a9
In base 8, what is -65 - 4054337?
-4054424
In base 11, what is -73334 + 0?
-73334
In base 3, what is -101210101 + 2210?
-101200121
In base 2, what is 10000101011010101 + 10001000110011?
10010110100001000
In base 8, what is -33315765 - -3?
-33315762
In base 15, what is -9ccc53 + -5?
-9ccc58
In base 9, what is -13773 - -1055?
-12717
In base 3, what is 211020 + -202011210?
-201100120
In base 3, what is 110022222 - -122101210?
1002201202
In base 15, what is 3 - -69bded0?
69bded3
In base 10, what is -153 + 717217?
717064
In base 8, what is -3 + -22113414?
-22113417
In base 4, what is 11 + -10302332032?
-10302332021
In base 8, what is -6666 - 52230?
-61116
In base 14, what is 26 + 2bd4b?
2bd73
In base 2, what is 101100110000000 - 110010?
101100101001110
In base 3, what is 21020012100221112 + 12?
21020012100221201
In base 10, what is -1330429 - -79?
-1330350
In base 4, what is 10 + -102222322111?
-102222322101
In base 14, what is -5354 + -3b5?
-5729
In base 15, what is b - 1288136?
-128812a
In base 14, what is 13a16 + 154?
13b6a
In base 8, what is 137162 + 143?
137325
In base 15, what is 2 + c7497?
c7499
In base 14, what is -177da - 4dd?
-17cd9
In base 4, what is 10111102 + -11211220?
-1100112
In base 12, what is 97 + -108036?
-107b5b
In base 12, what is -38ba + 209?
-36b1
In base 7, what is 21555501 - -16?
21555520
In base 16, what is -6a - -21fb3?
21f49
In base 2, what is -101001110010111100000 - -1111001?
-101001110010101100111
In base 7, what is 344316230 - -2?
344316232
In base 16, what is -d71ee4 - e?
-d71ef2
In base 13, what is -101641019 + 3?
-101641016
In base 5, what is -24122014 - 3?
-24122022
In base 13, what is -12 - -716c93?
716c81
In base 7, what is -15534042 - -15?
-15534024
In base 13, what is -1470 - 17bc?
-2c5c
In base 7, what is 163252560 + 2?
163252562
In base 9, what is 108014 - -1011?
110025
In base 7, what is -3 - -3446121?
3446115
In base 11, what is 36 - -8017?
8052
In base 4, what is -1103102 - -1013332?
-23110
In base 7, what is 1504 - -16452?
21256
In base 13, what is 1589 + -272b?
-1172
In base 8, what is 515 - 7121?
-64